77
What are the prime factors of 471371031?
3, 43, 757, 1609
List the prime factors of 688534445.
5, 19, 7247731
What are the prime factors of 2604599832?
2, 3, 1087, 99839
What are the prime factors of 835148203?
4457, 187379
What are the prime factors of 5590349922?
2, 3, 931724987
List the prime factors of 16294315.
5, 3258863
What are the prime factors of 277805292?
2, 3, 2657, 8713
What are the prime factors of 394778531?
7, 71, 293, 2711
List the prime factors of 32163468.
2, 3, 173, 15493
What are the prime factors of 264784344?
2, 3, 11, 271, 3701
What are the prime factors of 135207742?
2, 67, 109, 9257
List the prime factors of 37437494.
2, 89, 210323
List the prime factors of 51963995.
5, 43, 101, 2393
List the prime factors of 840021603.
3, 2957, 94693
List the prime factors of 25021364.
2, 113, 197, 281
What are the prime factors of 220636816?
2, 19, 149, 4871
What are the prime factors of 138381787?
4327, 31981
List the prime factors of 232893258.
2, 3, 13, 29, 149, 691
What are the prime factors of 266138184?
2, 3, 13, 853007
List the prime factors of 1708177079.
7, 2213, 110269
List the prime factors of 135961010.
2, 5, 149, 91249
List the prime factors of 1794521864.
2, 293, 765581
List the prime factors of 430091046.
2, 3, 7, 11, 1277
What are the prime factors of 6105809177?
13, 469677629
List the prime factors of 2579197141.
53, 48664097
List the prime factors of 136341992.
2, 29, 43, 79, 173
List the prime factors of 69329709.
3, 2567767
List the prime factors of 3030371013.
3, 47, 179, 120067
List the prime factors of 20644552.
2, 131, 19699
List the prime factors of 64675051.
7, 157, 1201
List the prime factors of 91692323.
139, 659657
List the prime factors of 536304191.
53, 10118947
What are the prime factors of 895903165?
5, 179180633
List the prime factors of 630411179.
751, 839429
What are the prime factors of 2920843897?
109, 2357, 11369
What are the prime factors of 277598290?
2, 5, 41, 139, 4871
What are the prime factors of 112338272?
2, 47, 113, 661
What are the prime factors of 72680711?
79, 101, 9109
List the prime factors of 324561739.
17, 1123051
List the prime factors of 197061902.
2, 29, 97, 35027
What are the prime factors of 5071933706?
2, 7, 71, 677, 7537
What are the prime factors of 65144542?
2, 83, 392437
List the prime factors of 136019171.
23, 827, 7151
What are the prime factors of 1201280505?
3, 5, 80085367
List the prime factors of 267254859.
3, 307, 439, 661
What are the prime factors of 21996536?
2, 2749567
List the prime factors of 375937014.
2, 3, 17, 3685657
What are the prime factors of 53920491?
3, 823, 21839
List the prime factors of 208278035.
5, 7, 1303, 4567
What are the prime factors of 115353008?
2, 41, 175843
What are the prime factors of 244636603?
2027, 120689
List the prime factors of 841263178.
2, 7, 60090227
List the prime factors of 5785619670.
2, 3, 5, 21428221
List the prime factors of 88970158.
2, 44485079
List the prime factors of 2093717830.
2, 5, 23, 53, 171757
What are the prime factors of 2040039706?
2, 41, 24878533
What are the prime factors of 2659078295?
5, 29, 18338471
What are the prime factors of 347287869?
3, 38587541
List the prime factors of 96873578.
2, 5023, 9643
What are the prime factors of 66996557?
66996557
List the prime factors of 97553361.
3, 17, 29, 71, 929
What are the prime factors of 4656203473?
47, 99068159
What are the prime factors of 495638620?
2, 5, 397, 62423
What are the prime factors of 5357127671?
7, 765303953
What are the prime factors of 7467302654?
2, 7, 5227, 102043
What are the prime factors of 237257126?
2, 2381, 49823
What are the prime factors of 2896885713?
3, 53, 18219407
What are the prime factors of 3040805028?
2, 3, 17, 43, 346649
List the prime factors of 97054536.
2, 3, 101, 40039
List the prime factors of 4524504.
2, 3, 53, 3557
What are the prime factors of 2864348237?
2864348237
What are the prime factors of 222101526?
2, 3, 19, 83, 23473
What are the prime factors of 45266321?
45266321
List the prime factors of 4211869.
17, 109, 2273
What are the prime factors of 687573090?
2, 3, 5, 61, 109, 383
List the prime factors of 44506432.
2, 53, 13121
List the prime factors of 259873944.
2, 3, 11, 19, 103, 503
List the prime factors of 650815189.
19, 34253431
List the prime factors of 127492476.
2, 3, 113, 167, 563
What are the prime factors of 2403801970?
2, 5, 240380197
List the prime factors of 3677879944.
2, 459734993
List the prime factors of 316371236.
2, 79092809
What are the prime factors of 119773105?
5, 23954621
List the prime factors of 26254162.
2, 11, 19, 107, 587
List the prime factors of 37417076.
2, 29, 47, 6863
List the prime factors of 353069676.
2, 3, 53, 211, 877
What are the prime factors of 374973757?
271, 1383667
What are the prime factors of 11969206?
2, 191, 31333
List the prime factors of 43880443.
19, 2309497
What are the prime factors of 95946439?
37, 2593147
What are the prime factors of 21659723?
29, 127, 5881
What are the prime factors of 1923657980?
2, 5, 373, 257863
List the prime factors of 65061227.
7, 11, 17, 23, 2161
List the prime factors of 1297166138.
2, 19, 103, 17443
What are the prime factors of 152272054?
2, 11, 227, 30491
What are the prime factors of 51653454?
2, 3, 8608909
What are the prime factors of 2034743899?
89, 181, 126311
What are the prime factors of 528327240?
2, 3, 5, 7, 43, 14627
What are the prime factors of 113536419?
3, 19, 197, 10111
What are the prime factors of 24102495?
3, 5, 178537
List the prime factors of 214259748.
2, 3, 37, 653, 739
List the prime factors of 1219222779.
3, 17, 37, 97, 6661
List the prime factors of 1595937585.
3, 5, 11, 19, 509071
List the prime factors of 502179700.
2, 5, 11, 23, 863
What are the prime factors of 247540830?
2, 3, 5, 8251361
List the prime factors of 11289436.
2, 283, 9973
What are the prime factors of 76769513?
2503, 30671
List the prime factors of 54440134.
2, 7, 29, 134089
List the prime factors of 1292783278.
2, 271, 2385209
What are the prime factors of 2328991599?
3, 11, 70575503
List the prime factors of 50428044.
2, 3, 239, 5861
What are the prime factors of 209781322?
2, 643, 163127
What are the prime factors of 1309124005?
5, 7, 23, 499, 3259
List the prime factors of 2389739812.
2, 13001, 45953
List the prime factors of 23247132.
2, 3, 1937261
List the prime factors of 2368953123.
3, 863, 915007
What are the prime factors of 83899318?
2, 17, 53, 46559
What are the prime factors of 64269574?
2, 32134787
What are the prime factors of 31864397?
31864397
List the prime factors of 91673373.
3, 11, 2777981
What are the prime factors of 2621371027?
11, 389, 612613
List the prime factors of 802286354.
2, 401143177
List the prime factors of 659973564.
2, 3, 18332599
List the prime factors of 6307557.
3, 2102519
List the prime factors of 174843386.
2, 87421693
What are the prime factors of 133464478?
2, 7, 9533177
List the prime factors of 180468678.
2, 3, 13, 43, 4139
What are the prime factors of 2146730236?
2, 7, 76668937
What are the prime factors of 89999529?
3, 23, 71, 18371
What are the prime factors of 77729143?
977, 79559
List the prime factors of 3226059.
3, 347, 1033
What are the prime factors of 2883332005?
5, 17, 1399, 24247
List the prime factors of 1515866137.
47, 2339, 13789
List the prime factors of 402576011.
277, 1453343
What are the prime factors of 69421159?
41, 647, 2617
What are the prime factors of 6230543876?
2, 23, 79, 773, 1109
What are the prime factors of 2468179491?
3, 449, 1832353
List the prime factors of 64155529.
41, 71, 22039
List the prime factors of 34882398.
2, 3, 23, 109, 773
What are the prime factors of 174575242?
2, 87287621
List the prime factors of 41938073.
19, 347, 6361
List the prime factors of 305561732.
2, 7, 10912919
List the prime factors of 70875070.
2, 5, 7, 109, 1327
List the prime factors of 198800110.
2, 5, 19880011
What are the prime factors of 342625886?
2, 171312943
List the prime factors of 94695168.
2, 3, 17, 7253
What are the prime factors of 33558169?
53, 293, 2161
List the prime factors of 159133580.
2, 5, 101, 78779
What are the prime factors of 1107410479?
7, 1151, 137447
What are the prime factors of 60445582?
2, 30222791
List the prime factors of 138